se 4) to base 14
53
What is 45 (base 16) in base 15?
49
Convert -20 (base 12) to base 15.
-19
-1 (base 14) to base 4
-1
11 (base 9) to base 6
14
Convert 4c (base 16) to base 11.
6a
Convert 100 (base 12) to base 13.
b1
What is -150 (base 13) in base 16?
-ea
What is -13 (base 14) in base 12?
-15
-111100 (base 2) to base 14
-44
Convert 11 (base 4) to base 13.
5
What is -24 (base 6) in base 12?
-14
Convert 5 (base 14) to base 13.
5
Convert -12 (base 12) to base 7.
-20
3 (base 15) to base 7
3
114 (base 7) to base 8
74
What is 0 (base 16) in base 15?
0
What is 0 (base 10) in base 12?
0
What is -13 (base 8) in base 16?
-b
What is 24 (base 13) in base 2?
11110
What is -2 (base 13) in base 16?
-2
What is 3a (base 13) in base 5?
144
377 (base 8) to base 6
1103
Convert -1100 (base 2) to base 9.
-13
Convert 100122 (base 3) to base 13.
170
What is 2 (base 10) in base 2?
10
What is 42 (base 8) in base 4?
202
What is -11111 (base 2) in base 4?
-133
8 (base 14) to base 13
8
Convert 140 (base 5) to base 7.
63
-1 (base 15) to base 4
-1
What is 1 (base 4) in base 6?
1
11 (base 11) to base 13
c
Convert -29 (base 13) to base 3.
-1022
-6 (base 14) to base 5
-11
Convert -2 (base 15) to base 2.
-10
Convert -415 (base 6) to base 14.
-b1
-5 (base 16) to base 7
-5
Convert -1 (base 5) to base 14.
-1
-11 (base 9) to base 15
-a
-10 (base 4) to base 14
-4
What is 5 (base 12) in base 3?
12
Convert -12 (base 3) to base 11.
-5
Convert -28 (base 10) to base 8.
-34
13 (base 7) to base 11
a
-17a (base 12) to base 15
-10d
-133 (base 8) to base 9
-111
What is 11111101 (base 2) in base 11?
210
Convert 5 (base 13) to base 3.
12
20 (base 15) to base 13
24
What is -22 (base 7) in base 9?
-17
Convert 222 (base 9) to base 8.
266
20 (base 3) to base 12
6
Convert -152 (base 7) to base 6.
-222
-47 (base 16) to base 6
-155
What is -2 (base 14) in base 11?
-2
101 (base 3) to base 13
a
Convert 10 (base 3) to base 4.
3
Convert -30 (base 5) to base 7.
-21
Convert 21 (base 4) to base 3.
100
Convert 5 (base 8) to base 15.
5
What is 12 (base 4) in base 10?
6
Convert 4 (base 11) to base 14.
4
What is -1 (base 9) in base 7?
-1
Convert 5c (base 13) to base 10.
77
Convert 122 (base 5) to base 2.
100101
What is -1 (base 11) in base 4?
-1
Convert -274 (base 9) to base 6.
-1021
Convert 2 (base 11) to base 16.
2
What is 198 (base 10) in base 7?
402
What is -331 (base 4) in base 14?
-45
What is -1311 (base 4) in base 15?
-7c
Convert -1 (base 6) to base 13.
-1
1 (base 12) to base 16
1
What is 4 (base 10) in base 7?
4
Convert 2 (base 5) to base 11.
2
What is -340 (base 6) in base 14?
-96
-55 (base 7) to base 8
-50
-4 (base 5) to base 9
-4
What is -53 (base 12) in base 9?
-70
Convert 1 (base 13) to base 5.
1
Convert -2113 (base 4) to base 11.
-128
What is -1113 (base 6) in base 16?
-105
Convert 20 (base 15) to base 4.
132
What is -10 (base 11) in base 9?
-12
Convert -6 (base 10) to base 2.
-110
What is 63 (base 13) in base 7?
144
21 (base 8) to base 16
11
-4 (base 14) to base 10
-4
102 (base 3) to base 4
23
-10 (base 4) to base 14
-4
What is 11 (base 2) in base 11?
3
What is 3 (base 16) in base 3?
10
12 (base 3) to base 16
5
What is -1 (base 7) in base 6?
-1
-10101 (base 2) to base 11
-1a
5 (base 8) to base 15
5
b (base 14) to base 13
b
What is -10 (base 8) in base 16?
-8
-1001110 (base 2) to base 14
-58
What is -26 (base 15) in base 4?
-210
0 (base 3) to base 13
0
What is 1100 (base 2) in base 11?
11
Convert -1404 (base 5) to base 8.
-345
What is 34 (base 8) in base 11?
26
What is -11 (base 7) in base 15?
-8
Convert -2 (base 12) to base 10.
-2
Convert -5 (base 13) to base 8.
-5
What is 4 (base 8) in base 3?
11
-2 (base 7) to base 14
-2
Convert 3 (base 16) to base 10.
3
1 (base 11) to base 7
1
What is -7 (base 13) in base 11?
-7
Convert -210 (base 3) to base 10.
-21
-21 (base 4) to base 14
-9
What is 17 (base 11) in base 13?
15
-26 (base 11) to base 7
-40
Convert 13 (base 6) to base 8.
11
What is -48 (base 10) in base 4?
-300
Convert 0 (base 10) to base 16.
0
What is -4 (base 13) in base 9?
-4
-1 (base 14) to base 6
-1
What is -7 (base 9) in base 13?
-7
What is 3003 (base 4) in base 8?
303
What is -110111 (base 2) in base 16?
-37
Convert 18 (base 12) to base 4.
110
Convert 1024 (base 5) to base 11.
117
Convert 2 (base 13) to base 11.
2
Convert 1 (base 11) to base 12.
1
8b (base 12) to base 4
1223
What is 5 (base 15) in base 6?
5
-1 (base 14) to base 11
-1
What is -313 (base 9) in base 7?
-513
What is 15 (base 9) in base 5?
24
1 (base 14) to base 5
1
What is -5 (base 11) in base 6?
-5
What is 6 (base 8) in base 12?
6
What is -4 (base 15) in base 5?
-4
What is 25 (base 14) in base 5?
113
54 (base 12) to base 5
224
4 (base 5) to base 11
4
20 (base 6) to base 14
c
Convert 3 (base 12) to base 9.
3
Convert 7c (base 14) to base 7.
215
Convert 4 (base 9) to base 13.
4
What is 16 (base 16) in base 4?
112
Convert 22 (base 4) to base 12.
a
What is -1 (base 11) in base 13?
-1
Convert 1 (base 12) to base 16.
1
What is -11 (base 16) in base 6?
-25
Convert 10010010 (base 2) to base 8.
222
0 (base 7) to base 8
0
-11 (base 3) to base 16
-4
-7 (base 12) to base 16
-7
What is -1010 (base 2) in base 7?
-13
-115 (base 8) to base 14
-57
-4 (base 10) to base 14
-4
Convert -7 (base 13) to base 12.
-7
Convert -1 (base 8) to base 6.
-1
-10000 (base 2) to base 8
-20
Convert 2 (base 4) to base 6.
2
110 (base 9) to base 8
132
20 (base 10) to base 4
110
61 (base 9) to base 2
110111
-15 (base 7) to base 13
-c
What is -1111 (base 3) in base 2?
-101000
What is 1 (base 14) in base 11?
1
What is -6 (base 12) in base 9?
-6
-72 (base 12) to base 5
-321
What is -11 (base 16) in base 12?
-15
What is 56 (base 14) in base 13?
5b
Convert 5 (base 8) to base 13.
5
Convert 2110 (base 3) to base 6.
150
What is -5 (base 7) in base 10?
-5
30 (base 6) to base 14
14
What is 4 (base 7) in base 12?
4
Convert 1 (base 3) to base 9.
1
11110010 (base 2) to base 13
158
Convert 10010 (base 3) to base 13.
66
What is 11 (base 12) in base 13?
10
-245 (base 10) to base 11
-203
Convert 45 (base 12) to base 11.
49
Convert 10 (base 3) to base 16.
3
Convert 3 (base 8) to base 12.
3
-1 (base 14) to base 8
-1
What is 54 (base 15) in base 16?
4f
Convert -1e (base 16) to base 13.
-24
Convert 100 (base 2) to base 12.
4
What is -210 (base 5) in base 4?
-313
Convert 0 (base 13) to base 3.
0
12 (base 8) to base 11
a
What is -4 (base 6) in base 5?
-4
What is 12111 (base 3) in base 11?
125
13 (base 13) to base 4
100
-1 (base 6) to base 10
-1
What is 1 (base 11) in base 13?
1
34 (base 5) to base 9
21
0 (base 3) to base 9
0
7 (base 8) to base 10
7
612 (base 7) to base 6
1223
Convert -112 (base 5) to base 3.
-1012
-6 (base 7) to base 10
-6
-13 (base 9) to base 3
-110
What is -2 (base 15) in base 12?
-2
What is 110122 (base 3) in base 6?
1325
What is -20 (base 13) in base 12?
-22
What is -64 (base 7) in base 6?
-114
Convert -21 (base 6) to base 7.
-16
Convert -2 (base 14) to base 4.
-2
What is 8 (base 15) in base 10?
8
-110010 (base 2) to base 11
-46
Convert -6 (base 16) to base 11.
-6
What is 34 (base 8) in base 5?
103
Convert 21 (base 10) to base 9.
23
What is -13 (base 8) in base 12?
-b
1 (base 16) to base 10
1
-ee (base 16) to base 6
-1034
What is 4 (base 13) in base 16?
4
-32 (base 4) to base 2
-1110
4 (base 14) to base 10
4
What is -111111 (base 2) in base 10?
-63
Convert -6 (base 9) to base 5.
-11
What is 68 (base 13) in base 15?
5b
What is 75 (base 15) in base 5?
420
What is 2013 (base 5) in base 12?
196
Convert 9 (base 10) to base 14.
9
Convert 0 (base 9) to base 2.
0
Convert -100 (base 2) to base 10.
-4
-1 (base 8) to base 9
-1
What is -5 (base 12) in base 15?
-5
5 (base 9) to base 14
5
What is -63 (base 9) in base 7?
-111
What is a (base 11) in base 12?
a
Convert -43 (base 11) to base 13.
-38
What is -30 (base 6) in base 9?
-20
-2 (base 3) to base 2
-10
Convert -78 (base 9) to base 14.
-51
-85 (base 15) to base 13
-98
What is 12 (base 6) in base 5?
13
-5 (base 10) to base 3
-12
3 (base 6) to base 14
3
-100011 (base 2) to base 5
-120
What is 8 (base 10) in base 6?
12
What is 2 (base 13) in base 2?
10
-10 (base 3) to base 6
-3
Convert -32 (base 7) to base 3.
-212
-111100 (base 2) to base 16
-3c
7d (base 16) to base 3
11122
136 (base 14) to base 15
114
What is -3 (base 16) in